{"id":13,"date":"2021-02-10T21:06:50","date_gmt":"2021-02-10T21:06:50","guid":{"rendered":"https:\/\/mitherzgegenschmerz.de\/?page_id=13"},"modified":"2025-08-26T20:45:07","modified_gmt":"2025-08-26T19:45:07","slug":"die-praxis-ueber-uns","status":"publish","type":"page","link":"https:\/\/mitherzgegenschmerz.de\/?page_id=13","title":{"rendered":"Die Praxis | \u00dcber uns"},"content":{"rendered":"<!-- wp:themify-builder\/canvas \/-->","protected":false},"excerpt":{"rendered":"","protected":false},"author":1,"featured_media":0,"parent":0,"menu_order":0,"comment_status":"closed","ping_status":"closed","template":"","meta":{"footnotes":""},"class_list":["post-13","page","type-page","status-publish","czr-hentry"],"builder_content":"<h1>\u00dcber uns<br\/><\/h1>\n\n<img src=\"https:\/\/mitherzgegenschmerz.de\/wp-content\/uploads\/2025\/08\/Emily-e1756237334955-614x1024-495x825.png\" width=\"495\" height=\"825\" title=\"Emily\" alt=\"Emily\">\n<h1>Emily<br\/><\/h1>\n<p>Mein Name ist Emily Schulz. Aufgewachsen bin ich in Tangerh\u00fctte und lebe nun in Tangerm\u00fcnde. Seit dem 1.10.2020 arbeite ich selbstst\u00e4ndig in eigener Praxis in Tangerh\u00fctte.<\/p> <ul> <li>staatl. anerkannte Ergotherapeutin<\/li> <li>zertifizierte Triggerpunkttherapeutin<br \/>(ITA-internationale Triggerpunktakademie \u2013 <a href=\"http:\/\/www.triggerpunkt-akademie.de\">www.triggerpunkt-akademie.de<\/a>)<\/li> <li>Fachergotherapeutin f\u00fcr Schmerztherapie<\/li> <li>Dorn-Therapie und Breuss-Massage<\/li> <li>Flexionsdistraktion \u2013 spezielle Wirbels\u00e4ulenbehandlung<\/li> <li>Narbenbehandlung<\/li> <li>Myofasziale Regulationstherapie<\/li> <li>Kinesiologie-Taping<\/li> <li>CMD Kiefergelenkstherapie<\/li> <li>Hammermethode<\/li> <li>Chiropraktik Kompakt- und Intensivausbildung<\/li> <li> Das schmerzhafte Schultergelenk\u00a0 <\/li> <li> Ohrreflexzonentherapie <\/li> <\/ul>\n<img src=\"https:\/\/mitherzgegenschmerz.de\/wp-content\/uploads\/2025\/08\/Simone_IMG_6687-scaled-e1756237278109-599x1024-495x846.jpg\" width=\"495\" height=\"846\" title=\"Simone_IMG_6687\" alt=\"Simone_IMG_6687\" srcset=\"https:\/\/mitherzgegenschmerz.de\/wp-content\/uploads\/2025\/08\/Simone_IMG_6687-scaled-e1756237278109-599x1024-495x846.jpg 495w, https:\/\/mitherzgegenschmerz.de\/wp-content\/uploads\/2025\/08\/Simone_IMG_6687-scaled-e1756237278109-175x300.jpg 175w, https:\/\/mitherzgegenschmerz.de\/wp-content\/uploads\/2025\/08\/Simone_IMG_6687-scaled-e1756237278109-599x1024.jpg 599w, https:\/\/mitherzgegenschmerz.de\/wp-content\/uploads\/2025\/08\/Simone_IMG_6687-scaled-e1756237278109-768x1314.jpg 768w, https:\/\/mitherzgegenschmerz.de\/wp-content\/uploads\/2025\/08\/Simone_IMG_6687-scaled-e1756237278109-898x1536.jpg 898w, https:\/\/mitherzgegenschmerz.de\/wp-content\/uploads\/2025\/08\/Simone_IMG_6687-scaled-e1756237278109.jpg 1130w\" sizes=\"(max-width: 495px) 100vw, 495px\" \/>\n<h1>Simone<br\/><\/h1>\n<p>Mein Name ist Simone Grupe. Ich bin examinierte Krankenschwester und hier f\u00fcr die Patientenaufnahme, Terminvergabe und die B\u00fcroorganisation verantwortlich.\u00a0<\/p> <p>Ich freue mich auf Sie!<\/p> <p>\u00a0<\/p>\n<img src=\"https:\/\/mitherzgegenschmerz.de\/wp-content\/uploads\/2025\/08\/Mandy_IMG_9173-scaled-e1756233220912-600x1024-495x844.jpg\" width=\"495\" height=\"844\" title=\"Mandy_IMG_9173\" alt=\"Mandy\" srcset=\"https:\/\/mitherzgegenschmerz.de\/wp-content\/uploads\/2025\/08\/Mandy_IMG_9173-scaled-e1756233220912-600x1024-495x844.jpg 495w, https:\/\/mitherzgegenschmerz.de\/wp-content\/uploads\/2025\/08\/Mandy_IMG_9173-scaled-e1756233220912-176x300.jpg 176w, https:\/\/mitherzgegenschmerz.de\/wp-content\/uploads\/2025\/08\/Mandy_IMG_9173-scaled-e1756233220912-600x1024.jpg 600w, https:\/\/mitherzgegenschmerz.de\/wp-content\/uploads\/2025\/08\/Mandy_IMG_9173-scaled-e1756233220912-768x1310.jpg 768w, https:\/\/mitherzgegenschmerz.de\/wp-content\/uploads\/2025\/08\/Mandy_IMG_9173-scaled-e1756233220912-900x1536.jpg 900w, https:\/\/mitherzgegenschmerz.de\/wp-content\/uploads\/2025\/08\/Mandy_IMG_9173-scaled-e1756233220912.jpg 1100w\" sizes=\"(max-width: 495px) 100vw, 495px\" \/>\n<h1>Mandy<br\/><\/h1>\n<p>Mandy bereichert unser Team seit dem 1.04.2025 und bringt sehr viel therapeutische Erfahrung aus Berlin und Magdeburg mit. Besonders freut sich Mandy \u00fcber unsere Patienten aus dem Bereich Orthop\u00e4die \/ Chirurgie \/ Handtherapie.<\/p> <ul type=\"disc\"> <li>Medical Flossing<\/li> <li>Kinesio Taping<\/li> <li>Manuelle Therapie<\/li> <\/ul>\n<p>\u00a0<\/p> <p>\u00a0<\/p>\n<img src=\"https:\/\/mitherzgegenschmerz.de\/wp-content\/uploads\/2025\/08\/Tabea_image001-e1756233113426-703x1024-495x720.jpg\" width=\"495\" height=\"720\" title=\"Tabea_image001\" alt=\"Tabea\" srcset=\"https:\/\/mitherzgegenschmerz.de\/wp-content\/uploads\/2025\/08\/Tabea_image001-e1756233113426-703x1024-495x720.jpg 495w, https:\/\/mitherzgegenschmerz.de\/wp-content\/uploads\/2025\/08\/Tabea_image001-e1756233113426-206x300.jpg 206w, https:\/\/mitherzgegenschmerz.de\/wp-content\/uploads\/2025\/08\/Tabea_image001-e1756233113426-703x1024.jpg 703w, https:\/\/mitherzgegenschmerz.de\/wp-content\/uploads\/2025\/08\/Tabea_image001-e1756233113426-768x1118.jpg 768w, https:\/\/mitherzgegenschmerz.de\/wp-content\/uploads\/2025\/08\/Tabea_image001-e1756233113426-1055x1536.jpg 1055w, https:\/\/mitherzgegenschmerz.de\/wp-content\/uploads\/2025\/08\/Tabea_image001-e1756233113426-1407x2048.jpg 1407w, https:\/\/mitherzgegenschmerz.de\/wp-content\/uploads\/2025\/08\/Tabea_image001-e1756233113426.jpg 1527w\" sizes=\"(max-width: 495px) 100vw, 495px\" \/>\n<h1>Tabea<br\/><\/h1>\n<p>Tabea hat 2024 ihre schulische Ausbildung abgeschlossen und die praktische Pr\u00fcfung in unserer Praxis erfolgreich absolviert. Seit dem 1.10.2024 geh\u00f6rt Tabea zum Team und freut sich vor allem \u00fcber unsere Patienten aus dem neurophysio- &amp; neuropsychologischem Bereich.<\/p> <ul type=\"disc\"> <li>Hirnleistungstraining bei Demenz und neuropsychologischen St\u00f6rungen<\/li> <li>LWS Becken Diagnostik und Therapie InDiTh Konzept<\/li> <\/ul>\n<p>\u00a0<\/p>\n<img src=\"https:\/\/mitherzgegenschmerz.de\/wp-content\/uploads\/2021\/03\/20210305-16-52-03_IMG_0183a-scaled-495x330.jpg\" width=\"495\" height=\"330\" title=\"20210305-16-52-03_IMG_0183a\" alt=\"20210305-16-52-03_IMG_0183a\" srcset=\"https:\/\/mitherzgegenschmerz.de\/wp-content\/uploads\/2021\/03\/20210305-16-52-03_IMG_0183a-scaled-495x330.jpg 495w, https:\/\/mitherzgegenschmerz.de\/wp-content\/uploads\/2021\/03\/20210305-16-52-03_IMG_0183a-300x200.jpg 300w, https:\/\/mitherzgegenschmerz.de\/wp-content\/uploads\/2021\/03\/20210305-16-52-03_IMG_0183a-768x512.jpg 768w, https:\/\/mitherzgegenschmerz.de\/wp-content\/uploads\/2021\/03\/20210305-16-52-03_IMG_0183a-2048x1365.jpg 2048w\" sizes=\"(max-width: 495px) 100vw, 495px\" \/>\n<h1>Paco<br\/><\/h1>\n<p>Ich bin Paco, 3 Jahre alt und in unserer Praxis zust\u00e4ndig f\u00fcr Sch\u00f6nheitsschlaf, Leckerlies und Streicheleinheiten.<\/p>\n<h1>Die Praxis<br\/><\/h1>\n\n[gallery link=\"none\" ids=\"707,706,704,705,703,702,581,701,321,324,23,25\" orderby=\"rand\"]","_links":{"self":[{"href":"https:\/\/mitherzgegenschmerz.de\/index.php?rest_route=\/wp\/v2\/pages\/13","targetHints":{"allow":["GET"]}}],"collection":[{"href":"https:\/\/mitherzgegenschmerz.de\/index.php?rest_route=\/wp\/v2\/pages"}],"about":[{"href":"https:\/\/mitherzgegenschmerz.de\/index.php?rest_route=\/wp\/v2\/types\/page"}],"author":[{"embeddable":true,"href":"https:\/\/mitherzgegenschmerz.de\/index.php?rest_route=\/wp\/v2\/users\/1"}],"replies":[{"embeddable":true,"href":"https:\/\/mitherzgegenschmerz.de\/index.php?rest_route=%2Fwp%2Fv2%2Fcomments&post=13"}],"version-history":[{"count":185,"href":"https:\/\/mitherzgegenschmerz.de\/index.php?rest_route=\/wp\/v2\/pages\/13\/revisions"}],"predecessor-version":[{"id":854,"href":"https:\/\/mitherzgegenschmerz.de\/index.php?rest_route=\/wp\/v2\/pages\/13\/revisions\/854"}],"wp:attachment":[{"href":"https:\/\/mitherzgegenschmerz.de\/index.php?rest_route=%2Fwp%2Fv2%2Fmedia&parent=13"}],"curies":[{"name":"wp","href":"https:\/\/api.w.org\/{rel}","templated":true}]}}